*2 + 3*h + 3. Let l(k) = 5*a(k) - 7*t(k). Let v be (1 + -3)*(2 - 1). Determine l(v).
5
Let z(k) be the first derivative of 1 - 7/2*k**2 + 0*k. Suppose -4*v - 15 = 5*m, 3*v + 8 = 3*m + 2*v. Give z(m).
-7
Let d(p) = -2*p - 53. Let x be d(-42). Let v(h) = -h**2 + 0*h - 8 - h - x + 63. What is v(-6)?
-6
Suppose -k = 3*s + 4*k - 23, -2*s - k + 13 = 0. Let w(a) = -a - 3906040 - 3906038 + 7812083. Give w(s).
-1
Let f(g) = -g**3 - 4*g**2 + 3*g + 4. Let k be f(-4). Let t(d) be the first derivative of d**4/4 + 3*d**3 + 7*d**2/2 - 3*d - 29850. Give t(k).
5
Let v(y) = 4*y + 10. Let o(j) = -j - 1. Let d(q) = 3*o(q) + v(q). Let t = -16564 - -16558. Determine d(t).
1
Let o(d) = -6*d + 1. Let m(s) = 13*s - 58. Let w be m(3). Let h(q) = -20*q. Let c be h(1). Let j = c - w. Give o(j).
7
Let o(k) = -4 + 11 - k + 2*k. Let v = -769 - -759. Let i(r) = -2*r**3 - 19*r**2 + 12*r + 13. Let l be i(v). What is o(l)?
0
Let l = -3279 - -3277. Let o(a) = 0*a + 3*a - 4 + 2*a. Let z(q) = 14*q - 11. Let t(y) = 17*o(y) - 6*z(y). Determine t(l).
-4
Suppose u - 4*k = 39, -44*u + 41*u = -k - 73. Suppose 3*p + u = 4*g, 15*g - 11*g - 2*p = 22. Let b(c) = -c**2 + 4*c + 3. Determine b(g).
-2
Let v(k) = -3*k + 79. Let l(t) = 7*t - 174. Let a(j) = -5*l(j) - 11*v(j). Suppose 11 = n + n + 3*w, -4*w + 10 = 5*n. Let y be (3/(-3) - -3)/n. Give a(y).
3
Let x(y) be the first derivative of -y**5/60 + y**4/12 + 3*y**3/2 - 7*y**2/2 + 2*y - 244. Let l(q) be the second derivative of x(q). What is l(4)?
1
Let y(s) = -3*s**2 + 16*s + 8. Let q(f) = 2*f**2 - 2*f - 2. Suppose -3*l = -4*o - 10, -3 = 2*o - l + 1. Let p(m) = o*y(m) - 2*q(m). Determine p(-13).
-17
Let m(u) = u**2 - 415*u + 1228. Let i be m(3). Let t(g) = -7*g - 38. Calculate t(i).
18
Suppose -7*n - 13*n + 100 = 0. Let y(g) = 0*g**3 + 4 + 386*g**2 - 388*g**2 + g**3 - n*g. Suppose 0 = 3*a - p - 7, -3*p - 2*p + 4 = -2*a. Determine y(a).
-2
Let d = 10360 + -10376. Let h(u) = 2*u**3 + 33*u**2 + 16*u + 2. Calculate h(d).
2
Let q = 10072 + -10033. Let l(j) = 5*j - 187. What is l(q)?
8
Let q(i) be the first derivative of -i**4/4 + 4*i**3/3 - i**2/2 + 10*i - 337. Give q(4).
6
Let w(m) = m**3 - 21*m**2 - m + 7. Let x = 999 + -978. Determine w(x).
-14
Suppose y + 5*a = -7, 8*y - 14 = 4*y + a. Let o(n) = 4*n - n - 33 - 2*n + 4*n**2 + 29 - n**y. Calculate o(3).
8
Suppose -2*i = -2*x - 7*i + 26, 5*x + 3*i - 27 = 0. Let l(r) = 178*r - x - 93*r + 4*r**2 - r**3 - 87*r + 1. What is l(2)?
2
Let z(a) be the first derivative of 2*a**2 - 86*a + 7174. Give z(8).
-54
Let i(w) be the third derivative of -25*w**4/8 + 2*w**3/3 + 3318*w**2 + w. What is i(2)?
-146
Let w(v) = -406*v + 15 + 201*v + 9 + 206*v + 1. What is w(-17)?
8
Let i be 221/(-39) - (-2)/(-6). Let y(d) = 2*d**3 + 13*d**2 + 7*d. Determine y(i).
-6
Let o(x) = 5*x - 4. Let l = 594 + -592. Suppose 17*b + 4 = 15*b, m = l*b + 6. What is o(m)?
6
Let q(h) = 4*h**2 - 2*h + 2. Let x be q(1). Suppose 4 = j, x*a + 3*j = -2*j + 28. Let g(w) = 2*w + a*w - 10*w - 2*w - 1. Determine g(1).
-9
Let r(k) = -7*k**2 + 31*k - 436. Let x(a) = 39*a**2 - 154*a + 2182. Let w(j) = 11*r(j) + 2*x(j). Calculate w(-43).
-2
Let m(i) = i**3 + 6*i**2 + 7. Let p = -5507 - -5500. Determine m(p).
-42
Let g be 1/27*2841 + (-8)/36. Suppose g - 109 = m. Let q(y) = -y - 9. Calculate q(m).
-5
Let f(k) be the second derivative of 25*k**4/6 - k**3/3 - k**2/2 - 18*k + 3. Determine f(-1).
51
Let t(w) = -w**3 + 2*w**2 + 2*w - 7. Let n(m) = -10*m + 17. Let p(b) = -30*b + 53. Let k(o) = 7*n(o) - 2*p(o). Let y be k(1). Calculate t(y).
-10
Let x be -4 - ((4 - 0) + 0 - -19). Let s = -25 - x. Let l be (s*7/(-14))/((-1)/3). Let d(m) = m**3 - 4*m**2 + m + 1. Give d(l).
-5
Let h(f) = -2*f + 7 - f + 4*f - 2*f. Let m(c) be the first derivative of c**4/4 + 5*c**3/3 + 5*c**2/2 + 25*c + 39. Let d be m(-5). Give h(d).
7
Let r be (-4)/2 + 10/1. Suppose -7*x + r*x = 10. Let a(h) = -x*h**2 + 8*h**2 - 3*h + 9*h - 2 + 3*h**2. Give a(-5).
-7
Suppose 3*f + 0*f = 6. Let z(w) be the first derivative of -7*w**3/3 - 2*w + 267. Let p(m) = 8*m**2 - m + 3. Let k(i) = f*p(i) + 3*z(i). Give k(2).
-24
Let p(i) = -i**3 + i**2 + i - 1. Let j be (1 - (1 + -1)) + 1. Let r = -2859 + 2862. Let f be (-5 + (r - -2))/j. What is p(f)?
-1
Let b(g) = -2*g**2 - 4*g + 5. Let c(z) = 2*z**3 + 21*z**2 - 14*z - 14. Let h be c(-11). Suppose -5*t - h = -2*o + o, 0 = t - 5*o - 1. What is b(t)?
-11
Let w(q) = 11*q**3 + 12*q**2 + 2*q - 7. Let s(r) = -10*r**3 - 10*r**2 - 2*r + 5. Let j(p) = 6*s(p) + 5*w(p). Give j(-2).
39
Let s(w) be the third derivative of w**4/8 + w**3/6 - 13892*w**2. Let p = 4 + -5. Give s(p).
-2
Let o(a) = 3*a - 2. Let t(l) be the first derivative of -3*l**4/2 - l**3/3 - 2*l**2 - 20. Let i be t(-2). Let h be (i/(-65))/(4/10) + -1. Calculate o(h).
-11
Let f(y) = -5*y**2 + 11. Let z(w) = 7*w**2 - 14. Let j(t) = 3*f(t) + 2*z(t). Let u(c) = -c - 2. Let g be u(-5). Suppose g*a = 5*a. Give j(a).
5
Let d be 2*(131/1572 + 38/(-24)). Let u(k) = k**3 - 4*k + 5. Calculate u(d).
-10
Let u(t) be the first derivative of -t**4/4 - t**3/3 - 19*t**2/2 - 37*t - 60. Let m be u(-2). Let j(d) = -d**2 + 5*d - 4. Give j(m).
-4
Let g(j) = -16653*j + 3 + 1 + 16649*j. Suppose 4*s - 7 = 13, -3*x + s + 19 = 0. Give g(x).
-28
Let o be (0 + 0)*-3*2/6. Let y = o + -54. Let u be ((-14)/(-8) + -1)/(y/(-144)). Let r(q) = q**3 - 2. Give r(u).
6
Let p be -3 - (-4 + 0)/(-2). Let x(v) be the third derivative of v**6/120 + v**5/12 + v**4/24 + 7*v**3/6 + 5605*v**2. Calculate x(p).
2
Let h(t) = 98*t + 26. Let j be h(3). Let o(f) = 2 + j*f + 325*f - 644*f. Give o(7).
9
Let z(h) = -7*h + 10. Let r(p) = 5*p - 11. Let m(b) = 3*r(b) + 2*z(b). Give m(-12).
-25
Suppose 5*w - 10 = 0, 0 = s + s + 3*w - 6. Suppose -4*g - q - 11 = -s, 0 = -5*g + 4*q + 2. Let y(p) = -8*p. Give y(g).
16
Let c(n) = n**3 + 4*n**2 + 5*n + 9. Let l = 16588 + -16591. Determine c(l).
3
Let u = 12 - 8. Let y(m) = 10 - 1648*m**3 + 25*m - 5 + 26*m + 1649*m**3 - 55*m - 4*m**2. What is y(u)?
-11
Let c(a) = a**2 - 4*a + 3. Let b be c(4). Let s(q) = -2*q**2 - 3*q - 1. Let m(d) = d**3 - 16*d**2 - 18*d - 7. Let r(t) = m(t) - 6*s(t). Determine r(b).
-10
Let q(u) = -u. Let l(y) = -2*y - 2. Let w(j) = 14*j + 21. Let g(c) = -6*l(c) - w(c). Let z be g(-6). Give q(z).
-3
Suppose -17*k - 16 = -21*k. Let u(f) = 3*f**2 - 3*f - 7. Determine u(k).
29
Let h(t) = -3*t**2 + 9*t - 22. Let w be ((-20)/4 - -6) + 45/15. Calculate h(w).
-34
Let a(g) be the first derivative of -g**2/2 + 4*g - 1. Let q(v) = -v**2 + 24*v. Let c be q(9). Let t = c - 129. Give a(t).
-2
Let p(t) = 3*t - 4. Let a(s) = 6*s + 35. Let j be a(-6). Let n be 86*-3*j/(-6). Let o = n + 48. Calculate p(o).
11
Let r(z) = -4*z + 2. Let n be r(-2). Let f be (-24)/13 + 0 + n/(-65). Let b = f + 9. Let o(m) = -m**2 + 6*m - 1. Give o(b).
-8
Let m(z) = -2*z - 6*z - 1 - 4 + 4*z. Suppose -10*i = -13*i + 162. Suppose -i = -2*v + 11*v. Give m(v).
19
Let b(v) = 2*v**2 + 6*v. Let o(j) = -2*j - 9. Let k be o(8). Let f be 9/5*k/(-15). Suppose 0 = -x + z, 4*x = f*x - 4*z - 20. What is b(x)?
8
Let w(g) = 6*g - 2. Suppose 5*v = 11*v - 30. Suppose 3 = h, 0*h + v*h - 11 = -4*u. Determine w(u).
-8
Let f(k) = -4*k**3 + 2*k**2 - 55*k - 105. Let q(l) = 3*l**3 - l**2 + 40*l + 79. Let v(s) = -8*f(s) - 11*q(s). Calculate v(-6).
7
Let m(o) be the first derivative of 7/2*o**2 - 71 - 2*o. Give m(6).
40
Let u be (65/26)/(25/4)*-30. Let m(k) = 2*k**3 + 26*k**2 + 31*k - 21. Let j(r) = r**3 + 13*r**2 + 15*r - 10. Let o(x) = -7*j(x) + 3*m(x). Calculate o(u).
7
Suppose 81*x + 67*x - 17*x - 917 = 0. Let q(t) = 2*t**2 - 3*t**2 + 2 + 1 - 2 + 4*t. Give q(x).
-20
Let o(w) = -w**2 + 3*w - 2. Let b(j) = j**2 + 11*j - 7. Let m(s) = -b(s) + o(s). Let n be (1 - 0)*(2 + 2). Suppose 0 = 4*k + n + 20. Give m(k).
-19
Let h(q) = 21*q + 22*q + 12*q - 49*q + 41. Determine h(-13).
-37
Let p(r) be the first derivative of 1/4*r**4 + 56 + 2/3*r**3 - 1/2*r**2 + r. Determine p(-2).
3
Let c(n) be the second derivative of -113*n + 1/12*n**4 + 1/2*n**2 + 0 - 1/2*n**3. Calculate c(1).
-1
Let z(l) = -l + 2. Let v(t) = -3*t + 6. Let i(r) = 4*v(r) - 11*z(r). Give i(-13).
15
Suppose -1 = -2*y + 21. Suppose 5*k + 93 - 208 = 0. Suppose -y*n + 21 = -k. Let z(p) = -p**3 + 4*p**2 - 5*p - 1. Give z(n).
-21
Let y(t) = t**3 + 15*t**2 + 8*t - 1. Let b(s) = -12*s**2 + 5*s - 1 + 8*s**2 + 2*s